 Let q be d(-4). Let p = 7 - q. Suppose p*r = -0*f + f - 29, -f + r = -29. What is the units digit of f?
9
Suppose -5*s = 4*l - 5099, 5*s + 4*l + l = 5100. What is the tens digit of s?
1
Suppose -3 = -2*j - 21. Let l = j + 14. Suppose -182 = -3*u - i, l*u + 2*i - 113 - 192 = 0. What is the tens digit of u?
5
Let t = -3 + 7. Suppose t*d + d - 95 = 0. Let u = d + -4. What is the tens digit of u?
1
Suppose 6*w = 4*w + 4. Let g(s) = s**2 - 10 - 5*s + 1 - 2 - w. What is the tens digit of g(9)?
2
What is the hundreds digit of ((-132216)/(-20))/3 + 15/(-25)?
2
Let m(w) = 2*w**3 - 48*w**2 + 17*w - 36. What is the hundreds digit of m(24)?
3
Suppose -3*z = z - 908. Suppose 5*f - z = 3. Suppose 3*m + f = 5*m. What is the units digit of m?
3
Suppose 5*k - 361 = 2*o - 91, 2*k - 2*o - 102 = 0. What is the units digit of k?
6
Let g(q) = -q**3 + 10*q**2 - q - 13. Let o be g(9). Suppose 0 = 5*z + o - 189. What is the tens digit of z?
2
Suppose 28 = 4*d + 8. Suppose 4*f = -4*k + f + 84, 0 = -d*k + 4*f + 74. What is the units digit of k?
8
Let u(h) = -h**3 - 13*h**2 - 12*h + 2. Let w be u(-12). Suppose 0 = 6*m - w*m - k - 228, 0 = 4*m - 3*k - 220. What is the tens digit of m?
5
What is the units digit of (-355 - -13)*-5 - -9?
9
Suppose 0 = c - 2*c - 21. Let w = -18 - c. Suppose -t = -2*t + 5, -w*t = -5*r + 145. What is the units digit of r?
2
Let h = -1745 - -3213. What is the tens digit of h?
6
Let v = 25 + -19. Suppose 0*o - v = -4*o + i, -4 = -4*o + 2*i. Suppose -c - 2*c = -o*p + 50, 84 = 4*p - 2*c. What is the tens digit of p?
1
Let y(r) = -r**3 + 15*r**2 - 8*r. Let s be y(10). Let p = -237 + s. What is the hundreds digit of p?
1
Let h be (-10)/(-4) - (-2)/4. Suppose z = 5*k - z - 78, -h*k + 47 = -z. Suppose -k = -2*r + 48. What is the units digit of r?
2
Let y = -1830 - -3365. What is the hundreds digit of y?
5
Let w be (30 - 0)*(-6 + 5). What is the units digit of (-745)/w - 2/(-12)?
5
Suppose 0 = -7*p + 15 + 20. Suppose -p*a + o - 4*o + 1148 = 0, -5*a = 5*o - 1140. What is the tens digit of a?
3
Suppose -21*x = 15*x - 46476. What is the thousands digit of x?
1
Suppose j + 2 = 5, -18 = -2*g - 2*j. Suppose -g*i + 48 = -282. What is the tens digit of i?
5
Let f = 506 + -226. What is the tens digit of f?
8
Let g be (-285)/(-10)*(-8)/(-12). Let o(x) = 5*x - 16. What is the tens digit of o(g)?
7
Suppose 3 = -w + 4*w. What is the units digit of w?
1
Suppose -1 = -3*f + 11. Suppose f*g + 97 = -5*k + 721, 3*k - 404 = 5*g. What is the tens digit of k?
2
Suppose -4*v - 41 = -5*c, c - 3*v = -3*c + 32. Let z be -1 - (-3 + c) - -13. What is the units digit of -3*(3 - z) + -2?
9
Suppose 2*b - 32 = -5*x, 3*b + 27 = -4*x + 9*x. Let f = x - 10. Let v = f - -9. What is the units digit of v?
5
Let n(u) = 3*u - 3*u + u**2 - 2*u**2 - 11 - 14*u. Suppose f - 2*r + 21 = 0, -2*f - r = 2*f + 39. What is the tens digit of n(f)?
2
Suppose 5*m = -x + 1762, -4*m = -x + m + 1762. What is the units digit of x?
2
Let o(g) = -g**3 + 2*g**2 + 5*g + 5. Let h be o(-3). Let p = h + -21. What is the tens digit of p?
1
Suppose 5*m + 6*v - 9*v - 254 = 0, 0 = -3*m + 5*v + 162. Suppose -42*o = -m*o + 1295. What is the tens digit of o?
8
Let c(x) be the third derivative of x**5/30 + 29*x**4/24 + 11*x**3/6 - 42*x**2. What is the tens digit of c(-20)?
3
Suppose -5*r + 17 + 8 = 0. Let b be ((-10)/2)/((-1)/3). Suppose w - b = -r*k, 44 = w + 3*w + 4*k. What is the units digit of w?
0
Suppose -3 + 1 = r. Let y(a) = -14*a**3 - 2*a**2 - 2*a + 1. What is the hundreds digit of y(r)?
1
Let n(b) = -9*b - 6 + 17*b - 1 + b**2. Let o be n(-9). Suppose o*y - 4 = 40. What is the units digit of y?
2
What is the tens digit of -36*(-28)/(-42)*218/(-3)?
4
Suppose -4*p + 5*b = -1409, -4*b = -2*p - 6*b + 718. Let q = p - 141. What is the tens digit of q?
1
Suppose -4*n + 1786 = -0*n - x, 3*n - 1347 = -3*x. What is the hundreds digit of n?
4
Let b(t) = -t**3 - 16*t**2 - 17*t - 9. Let q be b(-14). Let x = q - -267. What is the hundreds digit of x?
1
Suppose 5*g + 20 = 2*k, 5*k + 3*g = g - 8. Suppose 5*t - 2*h = 92 - 686, k = -2*t - 4*h - 252. Let d = 173 + t. What is the tens digit of d?
5
Suppose 18140 = 5*i + 5*z, 4*i = 11*z - 12*z + 14506. What is the hundreds digit of i?
6
Let i(f) = f**2 - 4*f + 17. Let v(c) = c**3 + 9*c**2 - c. Let a be v(-9). What is the units digit of i(a)?
2
Suppose -5*y = -8*v + 4*v - 7, -4*v - 2*y + 14 = 0. Let z be (-3 + (v - -1))/(-1). Suppose -2*x - 3*x + 90 = z. What is the units digit of x?
8
Let r = 257 - 127. Let p = r - 68. What is the tens digit of p?
6
Let i(j) = 2*j - 3. Let q be i(-2). What is the units digit of -2*1*(q + -1)?
6
Let j(p) = p**2 + 11*p - 33. Let f be (2 + 1 - 4) + -13. What is the units digit of j(f)?
9
What is the tens digit of (-1 - -1) + (18 - -470)?
8
Suppose -153 = -2*g + 127. What is the tens digit of g?
4
Let l = -1402 - -2106. What is the tens digit of l?
0
Suppose -1541 + 5384 = 7*f. What is the units digit of f?
9
Let t be (-878)/(-11) - 18/(-99). Let z(q) = 2*q**3 - 4*q**2 + 3*q - 1. Let n be z(2). Suppose 0*r = -n*r + t. What is the tens digit of r?
1
Suppose 5*z + 4*h = 3, -2*z + 5*z - 6 = -h. Let c = z + 24. What is the units digit of c?
7
Suppose h - 20 = -5*l + 17, 5*h + 4*l = 101. Suppose -9 = -x + h. What is the units digit of x?
6
Let t(j) = -j**2 - 8*j + 11. Let c(h) = 4*h - 5. Let d(a) = -5*c(a) - 2*t(a). What is the tens digit of d(12)?
4
Let x = 3248 - 2217. What is the thousands digit of x?
1
Let m(t) be the second derivative of t**5/20 - 3*t**4/4 + 3*t**3/2 - t**2 - 12*t. What is the units digit of m(8)?
6
Let t(r) = 12*r**3 + r**2 + r - 1. Let c(d) = -d**3 + 7*d**2 + 7*d + 9. Let l be c(8). Let k be t(l). Let i = -12 + k. What is the units digit of i?
1
Let l(w) = -w - 10. Let m = -8 + -1. Let h be l(m). Let t(j) = 36*j**2 - 2*j. What is the tens digit of t(h)?
3
Suppose 0 = -5*o + 3*x + 18, 2*x + 12 = 2*o + 4. Suppose 5*w - 5*i + 330 = -0*i, -233 = o*w + 4*i. Let c = w + 125. What is the tens digit of c?
5
Let i = -629 + 925. What is the units digit of i?
6
Let g = 2619 + -1070. What is the thousands digit of g?
1
Let j = 131 - 74. Suppose 948 = -53*o + j*o. What is the tens digit of o?
3
Let l(h) = h**2 - 12*h - 13. Let u be l(13). Suppose -k + 0 = -5, u = -b + k. Suppose b = z + f, 5*z - 6*f - 25 = -5*f. What is the units digit of z?
5
Let w(a) be the first derivative of 52*a**3/3 + a**2/2 + 2*a + 5. What is the units digit of w(-1)?
3
Let k(i) = 128*i - 119. What is the hundreds digit of k(6)?
6
Suppose 0 = 3*r - 5*o - 18 - 13, 3*o = -5*r + 29. Let z = r + 17. What is the tens digit of z?
2
Suppose -2*l = -5*q + 7*q - 968, 1912 = 4*q - 4*l. What is the units digit of q?
1
Let r(d) = 4*d - 14 - 9*d + 9*d. What is the units digit of r(9)?
2
Let d be 2/8 + 295/20. Suppose -q - 14 = d. Let r = -21 - q. What is the units digit of r?
8
Let n = -65 + 52. Let r(f) = -12*f - 6. What is the hundreds digit of r(n)?
1
Let a(c) = 26*c + 36. What is the hundreds digit of a(5)?
1
Let o(i) = -16*i + 14*i - 8 + 0 - 1. Let s be o(-6). Suppose 0 = -h + s*f + 22, 0*h = -h + 2*f + 26. What is the tens digit of h?
3
Let o(k) = k**2 + 3*k - 2. Let a be (1 - 0)/(2/(-4)). Let t be 3 - (1 + a) - 10. What is the tens digit of o(t)?
1
Suppose -a = -4*k - 15, 4*a - 6*k - 21 = -3*k. Suppose 7*z = a*z - t + 208, -4*z + 208 = -t. What is the units digit of z?
2
Let y = -3487 - -7109. What is the tens digit of y?
2
Suppose 0 = -301*w + 307*w - 4470. What is the tens digit of w?
4
Let v = 113 + -58. Suppose 0 = q - 2*r + 13, 5*q + 154 = -4*r + 19. Let n = v + q. What is the tens digit of n?
3
Let b be (-18)/9 + (-8)/(-2). Let u(r) = -2*r + 3*r - 1 + 0*r + b. What is the units digit of u(3)?
4
Suppose 7*v = 9*v - 926. What is the hundreds digit of v?
4
Let q = -1029 - -2548. What is the thousands digit of q?
1
Let s(o) = -363*o + 84. What is the tens digit of s(-4)?
3
Let l(g) = 2*g**2 - 16*g + 44. What is the tens digit of l(-13)?
9
What is the hundreds digit of (-524)/(-2) + (12 - 7 - 3)?
2
Let d(x) = -x**3 - 9*x**2 + 10*x + 21. Let z be -12*(-1 + (-5)/(-3)). Let y = -2 + z. What is the tens digit of d(y)?
2
Let l = 185 + -177. What is the units digit of l?
8
What is the hundreds digit of (2279 + 9 - -8) + 3?
2
Let n be (-4)/6 - 34/3. Let w(f) be the third derivative